divided by 687?
674
Calculate the remainder when 12917 is divided by 103.
42
Calculate the remainder when 842 is divided by 211.
209
Calculate the remainder when 7293 is divided by 100.
93
What is the remainder when 42779 is divided by 10?
9
Calculate the remainder when 26310 is divided by 24.
6
Calculate the remainder when 24412 is divided by 21.
10
What is the remainder when 620 is divided by 29?
11
What is the remainder when 13844 is divided by 65?
64
What is the remainder when 593 is divided by 516?
77
Calculate the remainder when 3687 is divided by 460.
7
What is the remainder when 91228 is divided by 105?
88
What is the remainder when 25380 is divided by 89?
15
Calculate the remainder when 332 is divided by 20.
12
Calculate the remainder when 2645 is divided by 437.
23
Calculate the remainder when 23291 is divided by 9.
8
Calculate the remainder when 19517 is divided by 244.
241
Calculate the remainder when 134842 is divided by 44941.
19
Calculate the remainder when 23964 is divided by 41.
20
Calculate the remainder when 4384 is divided by 876.
4
What is the remainder when 296615 is divided by 1301?
1288
Calculate the remainder when 4779 is divided by 76.
67
What is the remainder when 62329 is divided by 79?
77
Calculate the remainder when 15214 is divided by 128.
110
Calculate the remainder when 18066 is divided by 109.
81
Calculate the remainder when 196167 is divided by 349.
29
Calculate the remainder when 68309 is divided by 1340.
1309
What is the remainder when 25326 is divided by 1040?
366
What is the remainder when 13479 is divided by 640?
39
Calculate the remainder when 24798 is divided by 650.
98
Calculate the remainder when 11213 is divided by 184.
173
What is the remainder when 281117 is divided by 1714?
21
Calculate the remainder when 29765 is divided by 114.
11
What is the remainder when 4168 is divided by 2056?
56
What is the remainder when 27811 is divided by 74?
61
What is the remainder when 18610 is divided by 262?
8
Calculate the remainder when 600 is divided by 451.
149
Calculate the remainder when 82955 is divided by 33.
26
What is the remainder when 4334 is divided by 9?
5
What is the remainder when 28408 is divided by 14196?
16
What is the remainder when 8622 is divided by 4278?
66
What is the remainder when 2263 is divided by 2248?
15
What is the remainder when 11835 is divided by 11761?
74
What is the remainder when 83575 is divided by 198?
19
What is the remainder when 63072 is divided by 104?
48
Calculate the remainder when 4112 is divided by 822.
2
Calculate the remainder when 846651 is divided by 1531.
8
Calculate the remainder when 6666 is divided by 605.
11
Calculate the remainder when 2043 is divided by 292.
291
Calculate the remainder when 41918 is divided by 121.
52
Calculate the remainder when 53261 is divided by 159.
155
What is the remainder when 2248 is divided by 185?
28
What is the remainder when 81784 is divided by 27?
1
What is the remainder when 3919 is divided by 358?
339
Calculate the remainder when 70595 is divided by 1023.
8
Calculate the remainder when 769859 is divided by 32.
3
Calculate the remainder when 1590585 is divided by 49.
45
Calculate the remainder when 25405 is divided by 4233.
7
Calculate the remainder when 1974668 is divided by 1265.
3
Calculate the remainder when 410537 is divided by 61.
7
What is the remainder when 723 is divided by 73?
66
What is the remainder when 8742 is divided by 672?
6
Calculate the remainder when 133226 is divided by 339.
338
Calculate the remainder when 3314 is divided by 40.
34
Calculate the remainder when 8292 is divided by 818.
112
What is the remainder when 38890 is divided by 19440?
10
What is the remainder when 1455 is divided by 233?
57
Calculate the remainder when 188 is divided by 174.
14
Calculate the remainder when 10190 is divided by 1278.
1244
What is the remainder when 115186 is divided by 43?
32
What is the remainder when 18239449 is divided by 22?
19
What is the remainder when 21810 is divided by 128?
50
Calculate the remainder when 185129 is divided by 645.
14
What is the remainder when 2601 is divided by 1258?
85
What is the remainder when 70428 is divided by 70353?
75
Calculate the remainder when 270 is divided by 176.
94
What is the remainder when 29816 is divided by 10?
6
Calculate the remainder when 373227 is divided by 26659.
1
Calculate the remainder when 160833 is divided by 29.
28
Calculate the remainder when 3969 is divided by 69.
36
What is the remainder when 27216 is divided by 165?
156
Calculate the remainder when 1109 is divided by 301.
206
What is the remainder when 16071 is divided by 141?
138
Calculate the remainder when 22735 is divided by 79.
62
What is the remainder when 23212 is divided by 80?
12
Calculate the remainder when 124986 is divided by 41641.
63
What is the remainder when 8421 is divided by 4207?
7
Calculate the remainder when 83128 is divided by 2.
0
What is the remainder when 64827 is divided by 523?
498
Calculate the remainder when 4287 is divided by 29.
24
Calculate the remainder when 14588 is divided by 239.
9
Calculate the remainder when 16934 is divided by 22.
16
Calculate the remainder when 1509 is divided by 250.
9
What is the remainder when 7276 is divided by 672?
556
Calculate the remainder when 1705 is divided by 550.
55
Calculate the remainder when 275934 is divided by 21225.
9
What is the remainder when 25270 is divided by 158?
148
What is the remainder when 105749 is divided by 33?
17
Calculate the remainder when 79329 is divided by 579.
6
Calculate the remainder when 951058 is divided by 20.
18
What is the remainder when 8606 is divided by 572?
26
What is the remainder when 52006 is divided by 542?
516
Calculate the remainder when 7364 is divided by 1406.
334
Calculate the remainder when 193688 is divided by 26.
14
What is the remainder when 10412 is divided by 2031?
257
Calculate the remainder when 341141 is divided by 63.
59
Calculate the remainder when 4294 is divided by 613.
3
Calculate the remainder when 3822 is divided by 482.
448
What is the remainder when 2884 is divided by 116?
100
What is the remainder when 1269 is divided by 42?
9
Calculate the remainder when 226132 is divided by 51.
49
Calculate the remainder when 93395 is divided by 16.
3
What is the remainder when 6623 is divided by 46?
45
What is the remainder when 501 is divided by 101?
97
Calculate the remainder when 189548 is divided by 91.
86
Calculate the remainder when 1412 is divided by 158.
148
What is the remainder when 2537 is divided by 633?
5
What is the remainder when 802 is divided by 352?
98
What is the remainder when 62746 is divided by 20847?
205
What is the remainder when 5554 is divided by 462?
10
Calculate the remainder when 49869 is divided by 3835.
14
Calculate the remainder when 41009 is divided by 101.
3
Calculate the remainder when 58785 is divided by 7344.
33
What is the remainder when 303 is divided by 73?
11
What is the remainder when 145053 is divided by 335?
333
Calculate the remainder when 83149 is divided by 170.
19
What is the remainder when 11937518 is divided by 41?
40
Calculate the remainder when 277937 is divided by 9926.
9
What is the remainder when 12211 is divided by 42?
31
Calculate the remainder when 1425 is divided by 522.
381
Calculate the remainder when 15835 is divided by 15651.
184
What is the remainder when 68723 is divided by 68669?
54
What is the remainder when 18217 is divided by 133?
129
What is the remainder when 76122 is divided by 33?
24
Calculate the remainder when 494332 is divided by 22.
14
What is the remainder when 1765343 is divided by 224?
223
What is the remainder when 721 is divided by 66?
61
What is the remainder when 4436 is divided by 470?
206
What is the remainder when 79885 is divided by 16?
13
Calculate the remainder when 822653 is divided by 2733.
20
Calculate the remainder when 1122 is divided by 1020.
102
What is the remainder when 153166 is divided by 170?
166
What is the remainder when 264152 is divided by 1738?
1714
What is the remainder when 47962 is divided by 115?
7
Calculate the remainder when 6736 is divided by 63.
58
What is the remainder when 196838 is divided by 69?
50
What is the remainder when 9948 is divided by 2474?
52
What is the r